{"id":22,"date":"2022-05-26T10:10:50","date_gmt":"2022-05-26T10:10:50","guid":{"rendered":"https:\/\/www.wirzweli.com\/?page_id=22"},"modified":"2022-06-26T10:11:53","modified_gmt":"2022-06-26T10:11:53","slug":"willkommen","status":"publish","type":"page","link":"https:\/\/www.wirzweli.com\/","title":{"rendered":"Gr\u00fcezi"},"content":{"rendered":"\n<div class=\"wp-block-group alignfull has-white-background-color has-background\"><div class=\"wp-block-group__inner-container is-layout-flow wp-block-group-is-layout-flow\">\n<div class=\"wp-block-columns alignwide is-layout-flex wp-container-core-columns-is-layout-8f761849 wp-block-columns-is-layout-flex\">\n<div class=\"wp-block-column is-layout-flow wp-block-column-is-layout-flow\">\n<div style=\"height:100px\" aria-hidden=\"true\" class=\"wp-block-spacer\"><\/div>\n\n\n\n<h6 class=\"has-text-color wp-block-heading\" id=\"ecosystem\" style=\"color:#000000\">Gr\u00fcezi!<\/h6>\n\n\n\n<p class=\"has-text-color wp-block-paragraph\" style=\"color:#000000;font-size:5vw;line-height:1.1\"><strong>Herzlich willkommen im Wirzweli.<\/strong><\/p>\n\n\n\n<div style=\"height:5px\" aria-hidden=\"true\" class=\"wp-block-spacer\"><\/div>\n\n\n\n<div style=\"height:100px\" aria-hidden=\"true\" class=\"wp-block-spacer\"><\/div>\n<\/div>\n<\/div>\n\n\n\n<div class=\"wp-block-columns alignwide is-layout-flex wp-container-core-columns-is-layout-8f761849 wp-block-columns-is-layout-flex\">\n<div class=\"wp-block-column is-layout-flow wp-block-column-is-layout-flow\" style=\"flex-basis:33.38%\">\n<p class=\"has-text-color has-extra-small-font-size wp-block-paragraph\" style=\"color:#000000\">Das Wirzweli, ein Weiler oberhalb des Engelbergertals, liegt auf 1227 Meter \u00fcber Meer und bietet das ganze Jahr \u00fcber ein authentisches und herzliches Alpenklima und die perfekten Bedingungen f\u00fcr Ihre entspannten und gem\u00fctlichen Bergferien. Ideal gelegen zwischen den Touristenorten Luzern und Engelberg, am Fusse des Stanserhorns, bietet das Wirzweli eine fantastische Vielfalt an naturnahen H\u00f6hepunkten \u2013 von der einsamen Schneeschuhwanderung bis zur rauschenden Abfahrt auf der Sommerrodelbahn.<\/p>\n<\/div>\n\n\n\n<div class=\"wp-block-column is-layout-flow wp-block-column-is-layout-flow\" style=\"flex-basis:33.62%\">\n<figure class=\"wp-block-image size-large\"><img loading=\"lazy\" decoding=\"async\" width=\"687\" height=\"1024\" src=\"https:\/\/www.wirzweli.com\/wp-content\/uploads\/2022\/05\/home1-1-687x1024.png\" alt=\"\" class=\"wp-image-287\" srcset=\"https:\/\/www.wirzweli.com\/wp-content\/uploads\/2022\/05\/home1-1-687x1024.png 687w, https:\/\/www.wirzweli.com\/wp-content\/uploads\/2022\/05\/home1-1-201x300.png 201w, https:\/\/www.wirzweli.com\/wp-content\/uploads\/2022\/05\/home1-1-768x1145.png 768w, https:\/\/www.wirzweli.com\/wp-content\/uploads\/2022\/05\/home1-1-600x895.png 600w, https:\/\/www.wirzweli.com\/wp-content\/uploads\/2022\/05\/home1-1.png 1006w\" sizes=\"auto, (max-width: 687px) 100vw, 687px\" \/><\/figure>\n<\/div>\n\n\n\n<div class=\"wp-block-column is-layout-flow wp-block-column-is-layout-flow\" style=\"flex-basis:33%\">\n<div style=\"height:100px\" aria-hidden=\"true\" class=\"wp-block-spacer\"><\/div>\n\n\n\n<figure class=\"wp-block-image size-large\"><img loading=\"lazy\" decoding=\"async\" width=\"768\" height=\"1024\" src=\"https:\/\/www.wirzweli.com\/wp-content\/uploads\/2022\/06\/0219da61-aee4-48ea-8e16-b7e380ee3908-768x1024.jpg\" alt=\"\" class=\"wp-image-344\" srcset=\"https:\/\/www.wirzweli.com\/wp-content\/uploads\/2022\/06\/0219da61-aee4-48ea-8e16-b7e380ee3908-768x1024.jpg 768w, https:\/\/www.wirzweli.com\/wp-content\/uploads\/2022\/06\/0219da61-aee4-48ea-8e16-b7e380ee3908-225x300.jpg 225w, https:\/\/www.wirzweli.com\/wp-content\/uploads\/2022\/06\/0219da61-aee4-48ea-8e16-b7e380ee3908-1152x1536.jpg 1152w, https:\/\/www.wirzweli.com\/wp-content\/uploads\/2022\/06\/0219da61-aee4-48ea-8e16-b7e380ee3908.jpg 1536w\" sizes=\"auto, (max-width: 768px) 100vw, 768px\" \/><\/figure>\n<\/div>\n<\/div>\n\n\n\n<div class=\"wp-block-columns alignwide is-layout-flex wp-container-core-columns-is-layout-8f761849 wp-block-columns-is-layout-flex\">\n<div class=\"wp-block-column is-layout-flow wp-block-column-is-layout-flow\" style=\"flex-basis:67%\"><div class=\"wp-block-image\">\n<figure class=\"alignright size-large\"><img loading=\"lazy\" decoding=\"async\" width=\"1024\" height=\"640\" src=\"https:\/\/www.wirzweli.com\/wp-content\/uploads\/2022\/05\/home3-1-1024x640.png\" alt=\"\" class=\"wp-image-288\" srcset=\"https:\/\/www.wirzweli.com\/wp-content\/uploads\/2022\/05\/home3-1-1024x640.png 1024w, https:\/\/www.wirzweli.com\/wp-content\/uploads\/2022\/05\/home3-1-300x188.png 300w, https:\/\/www.wirzweli.com\/wp-content\/uploads\/2022\/05\/home3-1-768x480.png 768w, https:\/\/www.wirzweli.com\/wp-content\/uploads\/2022\/05\/home3-1-600x375.png 600w, https:\/\/www.wirzweli.com\/wp-content\/uploads\/2022\/05\/home3-1.png 1440w\" sizes=\"auto, (max-width: 1024px) 100vw, 1024px\" \/><\/figure>\n<\/div><\/div>\n\n\n\n<div class=\"wp-block-column is-vertically-aligned-center is-layout-flow wp-block-column-is-layout-flow\" style=\"flex-basis:33%\">\n<p class=\"wp-block-paragraph\">Wir vermieten unser frisch renoviertes und modern ausgestattetes Chalet f\u00fcr Paare oder Familien, sowohl in der Sommer- als auch in der Wintersaison.&nbsp;<\/p>\n\n\n\n<p class=\"wp-block-paragraph\">Treten Sie ein und entdecken Sie auf dem virtuellen Rundgang Ihre n\u00e4chste Ferienwohnung.<\/p>\n\n\n\n<p class=\"wp-block-paragraph\">Bis bald im Wirzweli,<br>Familie Schoch-Durrer<\/p>\n<\/div>\n<\/div>\n<\/div><\/div>\n\n\n\n<div style=\"height:100px\" aria-hidden=\"true\" class=\"wp-block-spacer\"><\/div>\n","protected":false},"excerpt":{"rendered":"<p>Gr\u00fcezi! Herzlich willkommen im Wirzweli. Das Wirzweli, ein Weiler oberhalb des Engelbergertals, liegt auf 1227 Meter \u00fcber Meer und bietet das ganze Jahr \u00fcber ein authentisches und herzliches Alpenklima und die perfekten Bedingungen f\u00fcr Ihre entspannten und gem\u00fctlichen Bergferien. Ideal gelegen zwischen den Touristenorten Luzern und Engelberg, am Fusse des Stanserhorns, bietet das Wirzweli eine &hellip; <\/p>\n<p class=\"link-more\"><a href=\"https:\/\/www.wirzweli.com\/\" class=\"more-link\">Mehr <span class=\"screen-reader-text\">\u00fcber &#8222;Gr\u00fcezi&#8220; <\/span>Lesen<\/a><\/p>\n","protected":false},"author":1,"featured_media":0,"parent":0,"menu_order":0,"comment_status":"closed","ping_status":"closed","template":"","meta":{"footnotes":""},"class_list":["post-22","page","type-page","status-publish","hentry"],"_links":{"self":[{"href":"https:\/\/www.wirzweli.com\/index.php?rest_route=\/wp\/v2\/pages\/22","targetHints":{"allow":["GET"]}}],"collection":[{"href":"https:\/\/www.wirzweli.com\/index.php?rest_route=\/wp\/v2\/pages"}],"about":[{"href":"https:\/\/www.wirzweli.com\/index.php?rest_route=\/wp\/v2\/types\/page"}],"author":[{"embeddable":true,"href":"https:\/\/www.wirzweli.com\/index.php?rest_route=\/wp\/v2\/users\/1"}],"replies":[{"embeddable":true,"href":"https:\/\/www.wirzweli.com\/index.php?rest_route=%2Fwp%2Fv2%2Fcomments&post=22"}],"version-history":[{"count":48,"href":"https:\/\/www.wirzweli.com\/index.php?rest_route=\/wp\/v2\/pages\/22\/revisions"}],"predecessor-version":[{"id":345,"href":"https:\/\/www.wirzweli.com\/index.php?rest_route=\/wp\/v2\/pages\/22\/revisions\/345"}],"wp:attachment":[{"href":"https:\/\/www.wirzweli.com\/index.php?rest_route=%2Fwp%2Fv2%2Fmedia&parent=22"}],"curies":[{"name":"wp","href":"https:\/\/api.w.org\/{rel}","templated":true}]}}

Grüezi

<div class="wp-block-group alignfull has-white-background-color has-background"><div class="wp-block-group__inner-container is-layout-flow wp-block-group-is-layout-flow">
<div class="wp-block-columns alignwide is-layout-flex wp-container-core-columns-is-layout-8f761849 wp-block-columns-is-layout-flex">
<div class="wp-block-column is-layout-flow wp-block-column-is-layout-flow">
<div style="height:100px" aria-hidden="true" class="wp-block-spacer"></div>



<h6 class="has-text-color wp-block-heading" id="ecosystem" style="color:#000000">Grüezi!</h6>



<p class="has-text-color wp-block-paragraph" style="color:#000000;font-size:5vw;line-height:1.1"><strong>Herzlich willkommen im Wirzweli.</strong></p>



<div style="height:5px" aria-hidden="true" class="wp-block-spacer"></div>



<div style="height:100px" aria-hidden="true" class="wp-block-spacer"></div>
</div>
</div>



<div class="wp-block-columns alignwide is-layout-flex wp-container-core-columns-is-layout-8f761849 wp-block-columns-is-layout-flex">
<div class="wp-block-column is-layout-flow wp-block-column-is-layout-flow" style="flex-basis:33.38%">
<p class="has-text-color has-extra-small-font-size wp-block-paragraph" style="color:#000000">Das Wirzweli, ein Weiler oberhalb des Engelbergertals, liegt auf 1227 Meter über Meer und bietet das ganze Jahr über ein authentisches und herzliches Alpenklima und die perfekten Bedingungen für Ihre entspannten und gemütlichen Bergferien. Ideal gelegen zwischen den Touristenorten Luzern und Engelberg, am Fusse des Stanserhorns, bietet das Wirzweli eine fantastische Vielfalt an naturnahen Höhepunkten – von der einsamen Schneeschuhwanderung bis zur rauschenden Abfahrt auf der Sommerrodelbahn.</p>
</div>



<div class="wp-block-column is-layout-flow wp-block-column-is-layout-flow" style="flex-basis:33.62%">
<figure class="wp-block-image size-large"><img loading="lazy" decoding="async" width="687" height="1024" src="https://www.wirzweli.com/wp-content/uploads/2022/05/home1-1-687x1024.png" alt="" class="wp-image-287" srcset="https://www.wirzweli.com/wp-content/uploads/2022/05/home1-1-687x1024.png 687w, https://www.wirzweli.com/wp-content/uploads/2022/05/home1-1-201x300.png 201w, https://www.wirzweli.com/wp-content/uploads/2022/05/home1-1-768x1145.png 768w, https://www.wirzweli.com/wp-content/uploads/2022/05/home1-1-600x895.png 600w, https://www.wirzweli.com/wp-content/uploads/2022/05/home1-1.png 1006w" sizes="auto, (max-width: 687px) 100vw, 687px" /></figure>
</div>



<div class="wp-block-column is-layout-flow wp-block-column-is-layout-flow" style="flex-basis:33%">
<div style="height:100px" aria-hidden="true" class="wp-block-spacer"></div>



<figure class="wp-block-image size-large"><img loading="lazy" decoding="async" width="768" height="1024" src="https://www.wirzweli.com/wp-content/uploads/2022/06/0219da61-aee4-48ea-8e16-b7e380ee3908-768x1024.jpg" alt="" class="wp-image-344" srcset="https://www.wirzweli.com/wp-content/uploads/2022/06/0219da61-aee4-48ea-8e16-b7e380ee3908-768x1024.jpg 768w, https://www.wirzweli.com/wp-content/uploads/2022/06/0219da61-aee4-48ea-8e16-b7e380ee3908-225x300.jpg 225w, https://www.wirzweli.com/wp-content/uploads/2022/06/0219da61-aee4-48ea-8e16-b7e380ee3908-1152x1536.jpg 1152w, https://www.wirzweli.com/wp-content/uploads/2022/06/0219da61-aee4-48ea-8e16-b7e380ee3908.jpg 1536w" sizes="auto, (max-width: 768px) 100vw, 768px" /></figure>
</div>
</div>



<div class="wp-block-columns alignwide is-layout-flex wp-container-core-columns-is-layout-8f761849 wp-block-columns-is-layout-flex">
<div class="wp-block-column is-layout-flow wp-block-column-is-layout-flow" style="flex-basis:67%"><div class="wp-block-image">
<figure class="alignright size-large"><img loading="lazy" decoding="async" width="1024" height="640" src="https://www.wirzweli.com/wp-content/uploads/2022/05/home3-1-1024x640.png" alt="" class="wp-image-288" srcset="https://www.wirzweli.com/wp-content/uploads/2022/05/home3-1-1024x640.png 1024w, https://www.wirzweli.com/wp-content/uploads/2022/05/home3-1-300x188.png 300w, https://www.wirzweli.com/wp-content/uploads/2022/05/home3-1-768x480.png 768w, https://www.wirzweli.com/wp-content/uploads/2022/05/home3-1-600x375.png 600w, https://www.wirzweli.com/wp-content/uploads/2022/05/home3-1.png 1440w" sizes="auto, (max-width: 1024px) 100vw, 1024px" /></figure>
</div></div>



<div class="wp-block-column is-vertically-aligned-center is-layout-flow wp-block-column-is-layout-flow" style="flex-basis:33%">
<p class="wp-block-paragraph">Wir vermieten unser frisch renoviertes und modern ausgestattetes Chalet für Paare oder Familien, sowohl in der Sommer- als auch in der Wintersaison.&nbsp;</p>



<p class="wp-block-paragraph">Treten Sie ein und entdecken Sie auf dem virtuellen Rundgang Ihre nächste Ferienwohnung.</p>



<p class="wp-block-paragraph">Bis bald im Wirzweli,<br>Familie Schoch-Durrer</p>
</div>
</div>
</div></div>



<div style="height:100px" aria-hidden="true" class="wp-block-spacer"></div>

<p>Grüezi! Herzlich willkommen im Wirzweli. Das Wirzweli, ein Weiler oberhalb des Engelbergertals, liegt auf 1227 Meter über Meer und bietet das ganze Jahr über ein authentisches und herzliches Alpenklima und die perfekten Bedingungen für Ihre entspannten und gemütlichen Bergferien. Ideal gelegen zwischen den Touristenorten Luzern und Engelberg, am Fusse des Stanserhorns, bietet das Wirzweli eine &hellip; </p>
<p class="link-more"><a href="https://www.wirzweli.com/" class="more-link">Mehr <span class="screen-reader-text">über &#8222;Grüezi&#8220; </span>Lesen</a></p>
